
2
What is the tens digit of 1059?
5
What is the units digit of 538?
8
What is the thousands digit of 1243?
1
What is the hundreds digit of 3562?
5
What is the units digit of 2412?
2
What is the ten thousands digit of 136055?
3
What is the units digit of 323?
3
What is the hundreds digit of 4115?
1
What is the units digit of 958?
8
What is the units digit of 3076?
6
What is the thousands digit of 2456?
2
What is the units digit of 11359?
9
What is the hundreds digit of 23387?
3
What is the tens digit of 1258?
5
What is the tens digit of 6618?
1
What is the units digit of 60249?
9
What is the hundreds digit of 18159?
1
What is the tens digit of 73?
7
What is the hundreds digit of 122?
1
What is the hundreds digit of 59794?
7
What is the tens digit of 12425?
2
What is the hundreds digit of 7147?
1
What is the thousands digit of 65861?
5
What is the units digit of 13579?
9
What is the units digit of 798?
8
What is the units digit of 69219?
9
What is the hundreds digit of 2193?
1
What is the tens digit of 3377?
7
What is the units digit of 1486?
6
What is the hundreds digit of 1056?
0
What is the units digit of 14147?
7
What is the hundreds digit of 4422?
4
What is the hundreds digit of 20390?
3
What is the hundreds digit of 3197?
1
What is the hundreds digit of 1433?
4
What is the units digit of 9923?
3
What is the units digit of 2014?
4
What is the hundreds digit of 1986?
9
What is the tens digit of 965?
6
What is the units digit of 11452?
2
What is the tens digit of 1441?
4
What is the ten thousands digit of 10582?
1
What is the units digit of 872?
2
What is the tens digit of 8978?
7
What is the units digit of 13700?
0
What is the hundreds digit of 13917?
9
What is the tens digit of 71924?
2
What is the units digit of 71318?
8
What is the tens digit of 1757?
5
What is the units digit of 165?
5
What is the units digit of 80629?
9
What is the tens digit of 281?
8
What is the hundreds digit of 2528?
5
What is the tens digit of 2584?
8
What is the units digit of 48342?
2
What is the hundreds digit of 3650?
6
What is the hundreds digit of 4048?
0
What is the thousands digit of 5656?
5
What is the tens digit of 6020?
2
What is the thousands digit of 1435?
1
What is the thousands digit of 10132?
0
What is the hundred thousands digit of 126687?
1
What is the tens digit of 3328?
2
What is the units digit of 8464?
4
What is the hundreds digit of 4533?
5
What is the tens digit of 386?
8
What is the hundreds digit of 95515?
5
What is the thousands digit of 98719?
8
What is the thousands digit of 2006?
2
What is the hundreds digit of 20692?
6
What is the hundreds digit of 307?
3
What is the units digit of 10918?
8
What is the units digit of 27596?
6
What is the tens digit of 2099?
9
What is the thousands digit of 6708?
6
What is the tens digit of 443?
4
What is the hundreds digit of 3676?
6
What is the tens digit of 766?
6
What is the thousands digit of 6658?
6
What is the tens digit of 6883?
8
What is the tens digit of 1025?
2
What is the tens digit of 375?
7
What is the hundreds digit of 105295?
2
What is the hundreds digit of 22804?
8
What is the hundreds digit of 864?
8
What is the hundreds digit of 10049?
0
What is the tens digit of 3564?
6
What is the thousands digit of 68515?
8
What is the tens digit of 37293?
9
What is the units digit of 658?
8
What is the units digit of 3390?
0
What is the units digit of 9979?
9
What is the tens digit of 3968?
6
What is the units digit of 2269?
9
What is the tens digit of 41060?
6
What is the hundreds digit of 371?
3
What is the units digit of 507?
7
What is the thousands digit of 37185?
7
What is the ten thousands digit of 20250?
2
What is the units digit of 1467?
7
What is the units digit of 5778?
8
What is the hundreds digit of 125432?
4
What is the hundreds digit of 1763?
7
What is the hundreds digit of 59055?
0
What is the hundreds digit of 735?
7
What is the tens digit of 833?
3
What is the hundreds digit of 7464?
4
What is the tens digit of 6050?
5
What is the units digit of 903?
3
What is the thousands digit of 3723?
3
What is the thousands digit of 11399?
1
What is the thousands digit of 15540?
5
What is the tens digit of 240?
4
What is the units digit of 55946?
6
What is the hundreds digit of 4047?
0
What is the thousands digit of 1550?
1
What is the thousands digit of 6721?
6
What is the hundreds digit of 22965?
9
What is the ten thousands digit of 25485?
2
What is the tens digit of 14053?
5
What is the hundreds digit of 1609?
6
What is the tens digit of 111420?
2
What is the tens digit of 8049?
4
What is the units digit of 8450?
0
What is the hundred thousands digit of 149714?
1
What is the ten thousands digit of 13864?
1
What is the hundreds digit of 570?
5
What is the tens digit of 229?
2
What is the ten thousands digit of 57482?
5
What is the units digit of 789?
9
What is the hundreds digit of 11711?
7
What is the thousands digit of 19785?
9
What is the thousands digit of 30086?
0
What is the tens digit of 828?
2
What is the tens digit of 85?
8
What is the thousands digit of 2038?
2
What is the hundreds digit of 1467?
4
What is the thousands digit of 9128?
9
What is the tens digit of 5535?
3
What is the units digit of 132?
2
What is the units digit of 180?
0
What is the hundreds digit of 544?
5
What is the units digit of 4866?
6
What is the ten thousands digit of 74364?
7
What is the tens digit of 8456?
5
What is the hundreds digit of 24562?
5
What is the tens digit of 2104?
0
What is the hundreds digit of 82607?
6
What is the hundred thousands digit of 102280?
1
What is the hundreds digit of 51131?
1
What is the thousands digit of 9961?
9
What is the hundreds digit of 33956?
9
What is the units digit of 1344?
4
What is the thousands digit of 2355?
2
What is the tens digit of 810?
1
What is the units digit of 4939?
9
What is the thousands digit of 13763?
3
What is the ten thousands digit of 66504?
6
What is the thousands digit of 4131?
4
What is the tens digit of 12911?
1
What is the units digit of 5985?
5
What is the thousands digit of 39261?
9
What is the units digit of 2813?
3
What is the hundreds digit of 36124?
1
What is the units digit of 223?
3
What is the thousands digit of 32945?
2
What is the tens digit of 430?
3
What is the hundreds digit of 37025?
0
What is the tens digit of 26241?
4
What is the hundreds digit of 22682?
6
What is the tens digit of 2475?
7
What is the tens digit of 23845?
4
What is the hundreds digit of 1063?
0
What is the tens digit of 718?
1
What is the thousands digit of 81711?
1
What is the tens digit of 876?
7
What is the units digit of 1545?
5
What is the ten thousands digit of 40516?
4
What is the thousands digit of 26485?
6
What is the tens digit of 978?
7
What is the tens digit of 6977?
7
What is the units digit of 2956?
6
What is the tens digit of 30100?
0
What is the hundreds digit of 1663?
6
What is the units digit of 1943?
3
What is the units digit of 8490?
0
What is the tens digit of 5546?
4
What is the hundreds digit of 110453?
4
What is the thousands digit of 92565?
2
What is the hundreds digit of 819?
8
What is the tens digit of 9380?
8
What is the tens digit of 56944?
4
What is the thousands digit of 1569?
1
What is the ten thousands digit of 146145?
4
What is the hundreds digit of 18928?
9
What is the units digit of 7435?
5
What is the tens digit of 11930?
3
What is the thousands digit of 3751?
3
What is the thousands digit of 3061?
3
What is the tens digit of 5837?
3
What is the ten thousands digit of 90453?
9
What is the units digit of 1569?
9
What is the hundreds digit of 34565?
5
What is the thousands digit of 1678?
1
What is the hundreds digit of 2278?
2
What is the units digit of 756?
6
What is the tens digit of 30261?
6
What is the units digit of 24584?
4
What is the units digit of 1953?
3
What is the ten thousands digit of 80648?
8
What is the units digit of 1545?
5
What is the hundreds digit of 6506?
5
What is the ten thousands digit of 11329?
1
What is the thousands digit of 24508?
4
What is the units digit of 69521?
1
What is the hundreds digit of 21929?
9
What is the tens digit of 714?
1
What is the units digit of 880?
0
What is the hundreds digit of 6790?
7
What is the units digit of 4795?
5
What is the hundreds digit of 63262?
2
What i